{"id":6838,"date":"2021-09-13T14:23:50","date_gmt":"2021-09-13T14:23:50","guid":{"rendered":"https:\/\/demo.pro.radio\/wp6\/"},"modified":"2026-04-03T15:34:04","modified_gmt":"2026-04-03T15:34:04","slug":"home-01","status":"publish","type":"page","link":"https:\/\/hardmusicsystemshow.com\/","title":{"rendered":"Home 01"},"content":{"rendered":"\t\t<div data-elementor-type=\"wp-page\" data-elementor-id=\"6838\" class=\"elementor elementor-6838\" data-elementor-post-type=\"page\">\n\t\t\t\t\t\t<section class=\"elementor-section elementor-top-section elementor-element elementor-element-91a58d5 elementor-section-boxed elementor-section-height-default elementor-section-height-default\" data-id=\"91a58d5\" data-element_type=\"section\" data-e-type=\"section\" data-settings=\"{&quot;background_background&quot;:&quot;video&quot;,&quot;background_video_link&quot;:&quot;https:\\\/\\\/www.youtube.com\\\/watch?v=gIJxDy25nwM&quot;}\">\n\t\t\t\t\t\t\t\t<div class=\"elementor-background-video-container elementor-hidden-mobile\">\n\t\t\t\t\t\t\t\t\t\t\t\t\t<div class=\"elementor-background-video-embed\" role=\"presentation\"><\/div>\n\t\t\t\t\t\t\t\t\t\t\t\t<\/div>\n\t\t\t\t\t\t\t\t\t<div class=\"elementor-background-overlay\"><\/div>\n\t\t\t\t\t\t\t<div class=\"elementor-container elementor-column-gap-default\">\n\t\t\t\t\t<div class=\"elementor-column elementor-col-100 elementor-top-column elementor-element elementor-element-e35f713\" data-id=\"e35f713\" data-element_type=\"column\" data-e-type=\"column\">\n\t\t\t<div class=\"elementor-widget-wrap elementor-element-populated\">\n\t\t\t\t\t\t<div class=\"elementor-element elementor-element-93afa6e elementor-invisible elementor-widget elementor-widget-heading\" data-id=\"93afa6e\" data-element_type=\"widget\" data-e-type=\"widget\" data-settings=\"{&quot;_animation&quot;:&quot;fadeInUp&quot;}\" data-widget_type=\"heading.default\">\n\t\t\t\t\t<h2 class=\"elementor-heading-title elementor-size-default\">hardmusic<br>\n<span style=\"color:#f7a90c\">systemshow<\/span><\/h2>\t\t\t\t<\/div>\n\t\t\t\t<div class=\"elementor-element elementor-element-a2bdabf elementor-widget elementor-widget-proradio-elementor-button\" data-id=\"a2bdabf\" data-element_type=\"widget\" data-e-type=\"widget\" data-widget_type=\"proradio-elementor-button.default\">\n\t\t\t\t<div class=\"elementor-widget-container\">\n\t\t\t\t\t<div class=\"aligncenter\">\t\t\t\t<div class=\"qtmplayer-trackitem\">\n\t\t\t\t\t<a \t\t\tdata-qtmplayer-qtmpid=\"2968\"\n\t\t\t\t\t\tdata-qtmplayer-img_id=\"4738\"\n\t\t\t\t\t\tdata-qtmplayer-title=\"Hard Music Radio\"\n\t\t\t\t\t\tdata-qtmplayer-artist=\"le meilleur de la hard music !!\"\n\t\t\t\t\t\tdata-qtmplayer-buyurl=\"https:\/\/hardmusicsystemshow.com\/?radiochannel=techno-radio\"\n\t\t\t\t\t\tdata-qtmplayer-icon=\"radio\"\n\t\t\t\t\t\tdata-qtmplayer-link=\"https:\/\/hardmusicsystemshow.com\/?radiochannel=techno-radio\"\n\t\t\t\t\t\tdata-qtmplayer-file=\"http:\/\/e-cast.digicomedia.net:1220\/stream\"\n\t\t\t\t\t\tdata-qtmplayer-type=\"radio\"\n\t\t\t\t\t\tdata-qtmplayer-servertype=\"type-icecast\"\n\t\t\t\t\t\tdata-qtmplayer-icecasturl=\"https:\/\/e-cast.digicomedia.net:1220\/status-json.xsl\"\n\t\t\t class=\"qtmplayer-play qtmplayer-link-sec qtmplayer-play-btn qtmplayer-play-v2 proradio-btn proradio-btn__white aligncenter  \"><i class=\"material-icons\" aria-label=\"Lecture\">play_arrow<\/i><\/a>\n\t\t\t\t<\/div>\n\n\t\t\t\t<\/div>\t\t\t\t<\/div>\n\t\t\t\t<\/div>\n\t\t\t\t\t<\/div>\n\t\t<\/div>\n\t\t\t\t\t<\/div>\n\t\t<\/section>\n\t\t\t\t<section class=\"elementor-section elementor-top-section elementor-element elementor-element-f9d3dbb elementor-section-full_width elementor-section-height-default elementor-section-height-default\" data-id=\"f9d3dbb\" data-element_type=\"section\" data-e-type=\"section\">\n\t\t\t\t\t\t<div class=\"elementor-container elementor-column-gap-default\">\n\t\t\t\t\t<div class=\"elementor-column elementor-col-100 elementor-top-column elementor-element elementor-element-e0db032\" data-id=\"e0db032\" data-element_type=\"column\" data-e-type=\"column\">\n\t\t\t<div class=\"elementor-widget-wrap\">\n\t\t\t\t\t\t\t<\/div>\n\t\t<\/div>\n\t\t\t\t\t<\/div>\n\t\t<\/section>\n\t\t\t\t<section class=\"elementor-section elementor-top-section elementor-element elementor-element-8f82488 elementor-section-full_width elementor-section-height-default elementor-section-height-default\" data-id=\"8f82488\" data-element_type=\"section\" data-e-type=\"section\">\n\t\t\t\t\t\t<div class=\"elementor-container elementor-column-gap-default\">\n\t\t\t\t\t<div class=\"elementor-column elementor-col-100 elementor-top-column elementor-element elementor-element-dc014ed\" data-id=\"dc014ed\" data-element_type=\"column\" data-e-type=\"column\">\n\t\t\t<div class=\"elementor-widget-wrap elementor-element-populated\">\n\t\t\t\t\t\t<div class=\"elementor-element elementor-element-d79eba5 elementor-widget elementor-widget-proradio-elementor-dedications-form\" data-id=\"d79eba5\" data-element_type=\"widget\" data-e-type=\"widget\" data-widget_type=\"proradio-elementor-dedications-form.default\">\n\t\t\t\t<div class=\"elementor-widget-container\">\n\t\t\t\t\t\t\t<div class=\"prdedications prdedications-container\">\n\t\t\t <form action=\"https:\/\/hardmusicsystemshow.com\/?radiochannel=techno-radio&#038;sendmail=20260414023128000000\" method=\"post\" class=\"prdedications-cform-form init\" novalidate=\"novalidate\" data-status=\"init\">\n\t\t\t\t<p class=\"prdedications-fighter\">\n\t\t\t\t\t<label>Votre nom (public)* <br>\n\t\t\t\t\t<input type=\"text\" name=\"name\">\n\t\t\t\t\t<label>Votre email*<br>\n\t\t\t\t\t<input type=\"text\" name=\"email\">\n\t\t\t\t<\/p>\n\n\t\t\t\t\t\t\t\t\t<p><label>Votre nom (public)* <br>\n\t\t\t\t\t    <span class=\"prdedications-cform-form-control-wrap\" data-name=\"your-name\"><input type=\"text\" name=\"your-name\" value=\"\" size=\"40\" class=\"prdedications-cform-form-control prdedications-cform-text prdedications-cform-validates-as-required\" aria-required=\"true\" aria-invalid=\"false\"><\/span> <\/label>\n\t\t\t\t\t\t<span class=\"prdedications-error-message your-name-error\">Veuillez compl\u00e9ter ces informations<\/span>\n\t\t\t\t\t<\/p>\n\t\t\t\t\n\t\t\t\t\n\t\t\t\t\t\t\t\t<div class=\"proradio-dedications-message-container\">\n\t\t\t\t\t<p><label>\u00c9crivez votre d\u00e9dicace<br>\n\t\t\t\t\t    <span class=\"prdedications-cform-form-control-wrap\" data-name=\"your-message\"><textarea name=\"your-message\" cols=\"40\" rows=\"10\" class=\"prdedications-cform-form-control prdedications-message prdedications-cform-textarea\" aria-invalid=\"false\"><\/textarea><\/span> <\/label>\n\n\t\t\t\t\t     <span class=\"prdedications-error-message your-message-error\">S\u2019il vous pla\u00eet \u00e9crivez quelque chose de plus<\/span>\n\t\t\t\t\t<\/p>\n\t\t\t\t<\/div>\n\t\t\t\t\n\n\t\t\t\t\t\t\t\t\t<div class=\"prdedications-request-song\">\n\t\t\t\t\t\t<label>Demande de chanson<br><\/label>\n\t\t\t\t\t\t<div class=\"prdedications-song-search\">\n\t\t\t\t\t\t    <span class=\"prdedications-cform-form-control-wrap \" data-name=\"your-song\">\n\t\t\t\t\t\t    \t\n\t\t\t\t\t\t    \t<input type=\"text\" name=\"your-song\" value=\"\" size=\"100\" class=\"prdedications-cform-form-control prdedications-cform-text prdedications-songsearch \" aria-invalid=\"false\">\n\t\t\t\t\t\t    \t<span class=\"proradio-btn proradio-btn__r prdedications-startsearch\"><i class=\"material-icons\">search<\/i><\/span>\n\t\t\t\t\t\t    <\/span> \n\t\t\t\t\t\t\t<div class=\"prdedications-suggestions\">\n\t\t\t\t\t\t\t<\/div>\n\t\t\t\t\t\t<\/div>\n\t\t\t\t\t\t<input type=\"hidden\" name=\"song-artwork\"  aria-invalid=\"false\">\n\t\t\t\t\t\t<input type=\"hidden\" name=\"song-preview\"  aria-invalid=\"false\">\n\t\t\t\t\t\t<input type=\"hidden\" name=\"song-itunes\"  aria-invalid=\"false\">\n\t\t\t\t\t\t<input type=\"hidden\" name=\"song-album\"  aria-invalid=\"false\">\n\t\t\t\t\t<\/div>\n\t\t\t\t\n\n\t\t\t\t\t\t\t\t<p>\n\t\t\t\t\t<span class=\"prdedications-cform-form-control-wrap\" data-name=\"privacy\">\n\t\t\t\t\t\n\t\t\t\t\t\t<label>\n\t\t\t\t\t\t\t<input type=\"checkbox\" name=\"privacy\" value=\"I read and accept the privacy terms\">\n\t\t\t\t\t\t\t<span class=\"prdedications-cform-list-item-label\">\n\t\t\t\t\t\t\t\tJ\u2019ai lu et j\u2019accepte les conditions de confidentialit\u00e9.\t\t\t\t\t\t\t<\/span>\n\t\t\t\t\t\t<\/label>\n\t\t\t\t\t<\/span>\n\t\t\t\t\t<span class=\"prdedications-error-message privacy-error\">Veuillez accepter les conditions de confidentialit\u00e9 pour continuer.<\/span>\n\t\t\t\t<\/p>\n\t\t\t\t\n\t\t\t\t\n\t\t\t\t<div class=\"prdedications-response-success\" aria-hidden=\"true\">Merci de votre contribution.<\/div>\n\t\t\t\t<div class=\"prdedications-response-error\" aria-hidden=\"true\">D\u00e9sol\u00e9, une erreur s\u2019est produite lors de l\u2019envoi du message<\/div>\n\t\t\t\t<div class=\"prdedications-response-limit\" aria-hidden=\"true\">Veuillez attendre que les d\u00e9dicaces pr\u00e9c\u00e9dentes soient approuv\u00e9es avant d\u2019en soumettre de nouvelles<\/div>\n\n\t\t\t\t<p class=\"prdedications-submitrow\"><button type=\"submit\" class=\"prdedications-cform-submit prdedications-cform-form-control has-spinner prdedications-cform-submit sc_button_hover_slide_left\"><i class=\"material-icons\">send<\/i> Envoyer<\/button><span class=\"prdedications-spinner \"><\/span><\/p>\n\t\t\t\t\n\t\t\t\t\n\t\t\t<\/form>\n\t\t<\/div>\n\t\t\t\t\t\t<\/div>\n\t\t\t\t<\/div>\n\t\t\t\t\t<\/div>\n\t\t<\/div>\n\t\t\t\t\t<\/div>\n\t\t<\/section>\n\t\t<div class=\"elementor-element elementor-element-902acca e-flex e-con-boxed e-con e-parent\" data-id=\"902acca\" data-element_type=\"container\" data-e-type=\"container\">\n\t\t\t\t\t<div class=\"e-con-inner\">\n\t\t\t\t<div class=\"elementor-element elementor-element-2c1197d elementor-widget elementor-widget-proradio-elementor-dedications-scroll\" data-id=\"2c1197d\" data-element_type=\"widget\" data-e-type=\"widget\" data-widget_type=\"proradio-elementor-dedications-scroll.default\">\n\t\t\t\t<div class=\"elementor-widget-container\">\n\t\t\t\t\t\t   <div class=\"proradio-dedications-scroller \" >\n\t\t\t\t\t\t\t<div class=\"proradio-dedications-scroller__label\">\n\t\t\t\t\t<span class=\"proradio-meta\">Dedications<\/span>\n\t\t\t\t<\/div>\n\t\t\t\t\t\t\t<div class=\"proradio-dedications-marquee\" data-duplicated='true' data-direction='left' data-duration='60000' data-pauseOnHover=\"\" data-gap=\"10\">\n\t\t\t\tActuellement, il n\u2019y a pas de nouvelles d\u00e9dicaces\t\t\t<\/div>\n\t\t<\/div>\n\t\t\t\t\t\t<\/div>\n\t\t\t\t<\/div>\n\t\t\t\t\t<\/div>\n\t\t\t\t<\/div>\n\t\t\t\t<section class=\"elementor-section elementor-top-section elementor-element elementor-element-871e617 elementor-section-full_width elementor-section-height-default elementor-section-height-default\" data-id=\"871e617\" data-element_type=\"section\" data-e-type=\"section\" data-settings=\"{&quot;background_background&quot;:&quot;classic&quot;}\">\n\t\t\t\t\t\t<div class=\"elementor-container elementor-column-gap-default\">\n\t\t\t\t\t<div class=\"elementor-column elementor-col-100 elementor-top-column elementor-element elementor-element-725f4b2\" data-id=\"725f4b2\" data-element_type=\"column\" data-e-type=\"column\">\n\t\t\t<div class=\"elementor-widget-wrap elementor-element-populated\">\n\t\t\t\t\t\t<div class=\"elementor-element elementor-element-5d8e635 elementor-widget elementor-widget-proradio-elementor-sponsors\" data-id=\"5d8e635\" data-element_type=\"widget\" data-e-type=\"widget\" data-widget_type=\"proradio-elementor-sponsors.default\">\n\t\t\t\t<div class=\"elementor-widget-container\">\n\t\t\t\t\t\t\t\t<div id=\"gridqt-post-carousel-296869dda7006b2de\" class=\"proradio-owl-sponsorcarousel \">\n\t\t\t\t\t<div id=\"qt-post-carousel-296869dda7006b2de\" class=\"proradio-owl-carousel owl-carousel owl-theme proradio-owl-theme\" \n\t\t\t\t\tdata-items=\"5\"\n\t\t\t\t\tdata-items_tablet=\"3\"\n\t\t\t\t\tdata-items_mobile=\"1\"\n\t\t\t\t\tdata-items_mobile_hori=\"2\"\n\t\t\t\t\tdata-gap=\"15\"\n\t\t\t\t\tdata-pause_on_hover=\"\"\n\t\t\t\t\tdata-loop=\"true\" \n\t\t\t\t\tdata-center=\"\" \n\t\t\t\t\tdata-stage_padding=\"0\"\n\t\t\t\t\tdata-nav=\"true\"\n\t\t\t\t\tdata-dots=\"true\" \n\t\t\t\t\tdata-autoplay_timeout=\"4000\" \n\t\t\t\t\tdata-amount=\"7\">\n\t\t\t\t\t\t\t\t\t\t\t\t\t\t<div class=\"proradio-item\">\n\t\t\t\t\t\t\t\t\t<div class=\"proradio-itemcontainer\">\n\t\t\t\t\t\t\t\t\t\t<a href=\"https:\/\/qantumthemes.com\" target=\"_blank\" rel=\"nofollow\" class=\"qt-sponsor\" >\n\t\t\t\t\t\t\t\t\t\t\t <img fetchpriority=\"high\" decoding=\"async\" width=\"500\" height=\"500\" src=\"https:\/\/hardmusicsystemshow.com\/wp-content\/uploads\/2021\/09\/pr-demo6-sponsor-8.png\" class=\"attachment-proradio-medium size-proradio-medium wp-post-image\" alt=\"Code Works\" title=\"Code Works\" \/>\t\t\t\t\t\t\t\t\t\t<\/a>\n\t\t\t\t\t\t\t\t\t<\/div>\n\t\t\t\t\t\t\t\t<\/div>\n\t\t\t\t\t\t\t\t\t\t\t\t\t\t\t\t<div class=\"proradio-item\">\n\t\t\t\t\t\t\t\t\t<div class=\"proradio-itemcontainer\">\n\t\t\t\t\t\t\t\t\t\t<a href=\"https:\/\/qantumthemes.com\" target=\"_blank\" rel=\"nofollow\" class=\"qt-sponsor\" >\n\t\t\t\t\t\t\t\t\t\t\t <img decoding=\"async\" width=\"500\" height=\"500\" src=\"https:\/\/hardmusicsystemshow.com\/wp-content\/uploads\/2021\/09\/pr-demo6-sponsor-1.png\" class=\"attachment-proradio-medium size-proradio-medium wp-post-image\" alt=\"Play Music\" title=\"Play Music\" \/>\t\t\t\t\t\t\t\t\t\t<\/a>\n\t\t\t\t\t\t\t\t\t<\/div>\n\t\t\t\t\t\t\t\t<\/div>\n\t\t\t\t\t\t\t\t\t\t\t\t\t\t\t\t<div class=\"proradio-item\">\n\t\t\t\t\t\t\t\t\t<div class=\"proradio-itemcontainer\">\n\t\t\t\t\t\t\t\t\t\t<a href=\"https:\/\/qantumthemes.com\" target=\"_blank\" rel=\"nofollow\" class=\"qt-sponsor\" >\n\t\t\t\t\t\t\t\t\t\t\t <img decoding=\"async\" width=\"500\" height=\"500\" src=\"https:\/\/hardmusicsystemshow.com\/wp-content\/uploads\/2021\/09\/pr-demo6-sponsor-2.png\" class=\"attachment-proradio-medium size-proradio-medium wp-post-image\" alt=\"Creator\" title=\"Creator\" \/>\t\t\t\t\t\t\t\t\t\t<\/a>\n\t\t\t\t\t\t\t\t\t<\/div>\n\t\t\t\t\t\t\t\t<\/div>\n\t\t\t\t\t\t\t\t\t\t\t\t\t\t\t\t<div class=\"proradio-item\">\n\t\t\t\t\t\t\t\t\t<div class=\"proradio-itemcontainer\">\n\t\t\t\t\t\t\t\t\t\t<a href=\"https:\/\/pro.radio\/\" target=\"_blank\" rel=\"nofollow\" class=\"qt-sponsor\" >\n\t\t\t\t\t\t\t\t\t\t\t <img loading=\"lazy\" decoding=\"async\" width=\"500\" height=\"500\" src=\"https:\/\/hardmusicsystemshow.com\/wp-content\/uploads\/2021\/09\/pr-demo6-sponsor-4.png\" class=\"attachment-proradio-medium size-proradio-medium wp-post-image\" alt=\"Elephant Design\" title=\"Elephant Design\" \/>\t\t\t\t\t\t\t\t\t\t<\/a>\n\t\t\t\t\t\t\t\t\t<\/div>\n\t\t\t\t\t\t\t\t<\/div>\n\t\t\t\t\t\t\t\t\t\t\t\t\t\t\t\t<div class=\"proradio-item\">\n\t\t\t\t\t\t\t\t\t<div class=\"proradio-itemcontainer\">\n\t\t\t\t\t\t\t\t\t\t<a href=\"https:\/\/qantumthemes.com\" target=\"_blank\" rel=\"nofollow\" class=\"qt-sponsor\" >\n\t\t\t\t\t\t\t\t\t\t\t <img loading=\"lazy\" decoding=\"async\" width=\"500\" height=\"500\" src=\"https:\/\/hardmusicsystemshow.com\/wp-content\/uploads\/2021\/09\/pr-demo6-sponsor-6.png\" class=\"attachment-proradio-medium size-proradio-medium wp-post-image\" alt=\"Sonique\" title=\"Sonique\" \/>\t\t\t\t\t\t\t\t\t\t<\/a>\n\t\t\t\t\t\t\t\t\t<\/div>\n\t\t\t\t\t\t\t\t<\/div>\n\t\t\t\t\t\t\t\t\t\t\t\t\t\t\t\t<div class=\"proradio-item\">\n\t\t\t\t\t\t\t\t\t<div class=\"proradio-itemcontainer\">\n\t\t\t\t\t\t\t\t\t\t<a href=\"https:\/\/pro.radio\/\" target=\"_blank\" rel=\"nofollow\" class=\"qt-sponsor\" >\n\t\t\t\t\t\t\t\t\t\t\t <img loading=\"lazy\" decoding=\"async\" width=\"500\" height=\"500\" src=\"https:\/\/hardmusicsystemshow.com\/wp-content\/uploads\/2021\/09\/pr-demo6-sponsor-7.png\" class=\"attachment-proradio-medium size-proradio-medium wp-post-image\" alt=\"Ecompany\" title=\"Ecompany\" \/>\t\t\t\t\t\t\t\t\t\t<\/a>\n\t\t\t\t\t\t\t\t\t<\/div>\n\t\t\t\t\t\t\t\t<\/div>\n\t\t\t\t\t\t\t\t\t\t\t\t\t\t\t\t<div class=\"proradio-item\">\n\t\t\t\t\t\t\t\t\t<div class=\"proradio-itemcontainer\">\n\t\t\t\t\t\t\t\t\t\t<a href=\"https:\/\/qantumthemes.com\" target=\"_blank\" rel=\"nofollow\" class=\"qt-sponsor\" >\n\t\t\t\t\t\t\t\t\t\t\t <img loading=\"lazy\" decoding=\"async\" width=\"500\" height=\"500\" src=\"https:\/\/hardmusicsystemshow.com\/wp-content\/uploads\/2021\/09\/pr-demo6-sponsor-5.png\" class=\"attachment-proradio-medium size-proradio-medium wp-post-image\" alt=\"WordPress for dj\" title=\"WordPress for dj\" \/>\t\t\t\t\t\t\t\t\t\t<\/a>\n\t\t\t\t\t\t\t\t\t<\/div>\n\t\t\t\t\t\t\t\t<\/div>\n\t\t\t\t\t\t\t\t            \n\t\t\t\t\t<\/div>\n\t\t\t\t<\/div>\n\t\t\t\t\t\t\t<\/div>\n\t\t\t\t<\/div>\n\t\t\t\t\t<\/div>\n\t\t<\/div>\n\t\t\t\t\t<\/div>\n\t\t<\/section>\n\t\t<div class=\"elementor-element elementor-element-aa3519c e-flex e-con-boxed e-con e-parent\" data-id=\"aa3519c\" data-element_type=\"container\" data-e-type=\"container\">\n\t\t\t\t\t<div class=\"e-con-inner\">\n\t\t\t\t\t<\/div>\n\t\t\t\t<\/div>\n\t\t\t\t<\/div>\n\t\t","protected":false},"excerpt":{"rendered":"<p>hardmusic systemshow play_arrow Votre nom (public)* Votre email* Votre nom (public)* Veuillez compl\u00e9ter ces informations \u00c9crivez votre d\u00e9dicace S\u2019il vous pla\u00eet \u00e9crivez quelque chose de plus Demande de chanson search J\u2019ai lu et j\u2019accepte les conditions de confidentialit\u00e9. Veuillez accepter les conditions de confidentialit\u00e9 pour continuer. Merci de votre contribution. ...<\/p>\n","protected":false},"author":1,"featured_media":0,"parent":0,"menu_order":0,"comment_status":"closed","ping_status":"closed","template":"page-visualcomposer.php","meta":{"footnotes":""},"class_list":["post-6838","page","type-page","status-publish","hentry"],"_links":{"self":[{"href":"https:\/\/hardmusicsystemshow.com\/index.php?rest_route=\/wp\/v2\/pages\/6838","targetHints":{"allow":["GET"]}}],"collection":[{"href":"https:\/\/hardmusicsystemshow.com\/index.php?rest_route=\/wp\/v2\/pages"}],"about":[{"href":"https:\/\/hardmusicsystemshow.com\/index.php?rest_route=\/wp\/v2\/types\/page"}],"author":[{"embeddable":true,"href":"https:\/\/hardmusicsystemshow.com\/index.php?rest_route=\/wp\/v2\/users\/1"}],"replies":[{"embeddable":true,"href":"https:\/\/hardmusicsystemshow.com\/index.php?rest_route=%2Fwp%2Fv2%2Fcomments&post=6838"}],"version-history":[{"count":7,"href":"https:\/\/hardmusicsystemshow.com\/index.php?rest_route=\/wp\/v2\/pages\/6838\/revisions"}],"predecessor-version":[{"id":7100,"href":"https:\/\/hardmusicsystemshow.com\/index.php?rest_route=\/wp\/v2\/pages\/6838\/revisions\/7100"}],"wp:attachment":[{"href":"https:\/\/hardmusicsystemshow.com\/index.php?rest_route=%2Fwp%2Fv2%2Fmedia&parent=6838"}],"curies":[{"name":"wp","href":"https:\/\/api.w.org\/{rel}","templated":true}]}}